{"id":293,"date":"2022-05-02T18:40:27","date_gmt":"2022-05-02T18:40:27","guid":{"rendered":"https:\/\/anysexshop.com.ar\/shop\/?page_id=293"},"modified":"2022-05-02T19:00:20","modified_gmt":"2022-05-02T19:00:20","slug":"quienes-somos","status":"publish","type":"page","link":"https:\/\/anysexshop.com.ar\/shop\/quienes-somos\/","title":{"rendered":"Quienes somos"},"content":{"rendered":"<body>\n<figure class=\"wp-block-image size-full\"><img data-recalc-dims=\"1\" loading=\"lazy\" decoding=\"async\" width=\"498\" height=\"66\" src=\"https:\/\/i0.wp.com\/anysexshop.com.ar\/shop\/wp-content\/uploads\/2022\/05\/quienes-somos-1.jpg?resize=498%2C66&#038;ssl=1\" alt=\"\" class=\"wp-image-337\" loading=\"lazy\" srcset=\"https:\/\/i0.wp.com\/anysexshop.com.ar\/shop\/wp-content\/uploads\/2022\/05\/quienes-somos-1.jpg?w=498&amp;ssl=1 498w, https:\/\/i0.wp.com\/anysexshop.com.ar\/shop\/wp-content\/uploads\/2022\/05\/quienes-somos-1.jpg?resize=300%2C40&amp;ssl=1 300w\" sizes=\"auto, (max-width: 498px) 100vw, 498px\" \/><\/figure>\n\n\n\n<p><strong>Hola! Bienvenidos!<\/strong><\/p>\n\n\n<p>Les quiero contar que somos una peque\u00f1a empresa que ha empezado a principios del a\u00f1o 2008, hace poco tiempo, vendiendo lencer\u00eda er\u00f3tica y luego incorporando la parte de sex-shop.<br><span style=\"font-size: revert; color: initial;\">Todo se dio porque necesitaba hacer algo para que el otro estuviera satisfecho y contento, era y es una necesidad espiritual m\u00eda ver bien a la gente.<br><\/span>Pero a la vez necesitaba tambi\u00e9n trabajar y tener unos pesos y bueno se dio esto.<br>La gente se divierte, conoce cosas nuevas, aprende otras y por sobre todas las cosas se olvida por unos momentos de todo lo malo que le pueda suceder.<br>La idea me fascino y la puse en pr\u00e1ctica y sali\u00f3 esto: Any y Yani.<br>Porque hablo yo solamente y somos 2, bueno es porque tengo una compa\u00f1era desde el primer momento que empec\u00e9 y seguir\u00e1 al lado m\u00edo siempre.<br>Nuestro lema es satisfacer al cliente y ense\u00f1arles un poco este mundo tan rico y divertido que es un sex-shop.<br>Gracias a toda la gente que nos apoy\u00f3.<br>Disfruten de la vida y si quieren divertirse, cambiar la rutina, pasar momentos \u00fanicos, nuevos, inolvidables, acordate que aqu\u00ed estamos esper\u00e1ndote.<br><strong>Anyyyani<\/strong><\/p>\n<p><!-- \/wp:post-content --><\/p><\/body>","protected":false},"excerpt":{"rendered":"<p>Hola! Bienvenidos! Les quiero contar que somos una peque\u00f1a empresa que ha empezado a principios del a\u00f1o 2008, hace poco tiempo, vendiendo lencer\u00eda er\u00f3tica y luego incorporando la parte de sex-shop.Todo se dio porque necesitaba hacer algo para que el otro estuviera satisfecho y contento, era y es una necesidad&hellip; <\/p>\n","protected":false},"author":1,"featured_media":0,"parent":0,"menu_order":0,"comment_status":"closed","ping_status":"closed","template":"","meta":{"om_disable_all_campaigns":false,"footnotes":""},"class_list":["post-293","page","type-page","status-publish","hentry"],"jetpack_sharing_enabled":true,"_links":{"self":[{"href":"https:\/\/anysexshop.com.ar\/shop\/wp-json\/wp\/v2\/pages\/293","targetHints":{"allow":["GET"]}}],"collection":[{"href":"https:\/\/anysexshop.com.ar\/shop\/wp-json\/wp\/v2\/pages"}],"about":[{"href":"https:\/\/anysexshop.com.ar\/shop\/wp-json\/wp\/v2\/types\/page"}],"author":[{"embeddable":true,"href":"https:\/\/anysexshop.com.ar\/shop\/wp-json\/wp\/v2\/users\/1"}],"replies":[{"embeddable":true,"href":"https:\/\/anysexshop.com.ar\/shop\/wp-json\/wp\/v2\/comments?post=293"}],"version-history":[{"count":8,"href":"https:\/\/anysexshop.com.ar\/shop\/wp-json\/wp\/v2\/pages\/293\/revisions"}],"predecessor-version":[{"id":338,"href":"https:\/\/anysexshop.com.ar\/shop\/wp-json\/wp\/v2\/pages\/293\/revisions\/338"}],"wp:attachment":[{"href":"https:\/\/anysexshop.com.ar\/shop\/wp-json\/wp\/v2\/media?parent=293"}],"curies":[{"name":"wp","href":"https:\/\/api.w.org\/{rel}","templated":true}]}}