{"id":2234,"date":"2022-07-30T15:17:05","date_gmt":"2022-07-30T18:17:05","guid":{"rendered":"https:\/\/anysexshop.com.ar\/shop\/?post_type=product&#038;p=2234"},"modified":"2026-01-12T18:52:58","modified_gmt":"2026-01-12T21:52:58","slug":"vela-para-masajes-scened-candle-be-30-gr","status":"publish","type":"product","link":"https:\/\/anysexshop.com.ar\/shop\/product\/vela-para-masajes-scened-candle-be-30-gr\/","title":{"rendered":"VELA PARA MASAJES SCENED CANDLE BE-30 gr"},"content":{"rendered":"<body><p>Placer para los sentidos\u2026 La vela se derrite convirti\u00e9ndose en un tibio aceite para masajes sedosos. \u00a1Prend\u00e9 la pasi\u00f3n con esta vela afrodis\u00edaca!<\/p>\n<p>Cont. Neto: 15grs<\/p>\n<\/body>","protected":false},"excerpt":{"rendered":"<p>Placer para los sentidos\u2026 La vela se derrite convirti\u00e9ndose en un tibio aceite para masajes sedosos. \u00a1Prend\u00e9 la pasi\u00f3n con esta vela afrodis\u00edaca! Cont. Neto: 15grs<\/p>\n","protected":false},"featured_media":2235,"comment_status":"open","ping_status":"closed","template":"","meta":{"om_disable_all_campaigns":false},"product_brand":[],"product_cat":[54],"product_tag":[],"class_list":{"0":"post-2234","1":"product","2":"type-product","3":"status-publish","4":"has-post-thumbnail","6":"product_cat-geles-lubricantes-y-aceites","8":"first","9":"instock","10":"sale","11":"shipping-taxable","12":"purchasable","13":"product-type-simple"},"jetpack_sharing_enabled":true,"_links":{"self":[{"href":"https:\/\/anysexshop.com.ar\/shop\/wp-json\/wp\/v2\/product\/2234","targetHints":{"allow":["GET"]}}],"collection":[{"href":"https:\/\/anysexshop.com.ar\/shop\/wp-json\/wp\/v2\/product"}],"about":[{"href":"https:\/\/anysexshop.com.ar\/shop\/wp-json\/wp\/v2\/types\/product"}],"replies":[{"embeddable":true,"href":"https:\/\/anysexshop.com.ar\/shop\/wp-json\/wp\/v2\/comments?post=2234"}],"wp:featuredmedia":[{"embeddable":true,"href":"https:\/\/anysexshop.com.ar\/shop\/wp-json\/wp\/v2\/media\/2235"}],"wp:attachment":[{"href":"https:\/\/anysexshop.com.ar\/shop\/wp-json\/wp\/v2\/media?parent=2234"}],"wp:term":[{"taxonomy":"product_brand","embeddable":true,"href":"https:\/\/anysexshop.com.ar\/shop\/wp-json\/wp\/v2\/product_brand?post=2234"},{"taxonomy":"product_cat","embeddable":true,"href":"https:\/\/anysexshop.com.ar\/shop\/wp-json\/wp\/v2\/product_cat?post=2234"},{"taxonomy":"product_tag","embeddable":true,"href":"https:\/\/anysexshop.com.ar\/shop\/wp-json\/wp\/v2\/product_tag?post=2234"}],"curies":[{"name":"wp","href":"https:\/\/api.w.org\/{rel}","templated":true}]}}