{"id":2555,"date":"2022-09-21T16:52:16","date_gmt":"2022-09-21T19:52:16","guid":{"rendered":"https:\/\/anysexshop.com.ar\/shop\/?post_type=product&#038;p=2555"},"modified":"2025-10-06T07:27:03","modified_gmt":"2025-10-06T10:27:03","slug":"2555","status":"publish","type":"product","link":"https:\/\/anysexshop.com.ar\/shop\/product\/2555\/","title":{"rendered":"VIGORIZANTE FEMENINO X 8 CAPSULAS ESTIMULANTE"},"content":{"rendered":"<body><p>ESTIMILANTE FEMENINO \u2013 ORGASMOS SIN LIMITE<\/p>\n<p>Li Fem Caja x 8 c\u00e1psulas<\/p>\n<p>Con Li Fem la revoluci\u00f3n sexual femenina ha comenzado!!<\/p>\n<p>\u2013 Te Gustar\u00eda Activar y Revitalizar tu deseo Sexual?<br>\n\u2013 Est\u00e1s dispuesta a incrementar tu Deseo y tu Satisfacci\u00f3n?<br>\n\u2013 Sera este el momento que te decidas a Explotar toda tu Femeneidad?<\/p>\n<p>Ahora tenes disponible esta Nueva combinaci\u00f3n de Ex\u00f3ticos Afrodisiacos (a base de hierbas naturales, raices y Vitamina E) que transformaran tu VIDA Sexual en una experiencia Placentera y Excitante. Y Experimentaras la expansi\u00f3n de las tres Caras del Tri\u00e1ngulo del \u00c9xtasis o efecto D.O.P (Deseo, Orgasmos y Placer). Resultados totalmente Garantizados.<\/p>\n<p>\u00bfEstas dispuesta a usar la Llave para abrir la puerta secreta del Placer y la Pasi\u00f3n?<\/p>\n<p>Cada C\u00e1psula Contiene:<br>\nVitamina E\u2026\u2026\u2026 60mg<br>\nSchisandra\u2026\u2026.. 80mg.<br>\nAngelica\u2026\u2026\u2026\u2026 80mg<br>\nAstr\u00e1galo\u2026\u2026\u2026.. 80mg<br>\nTurnera\u2026\u2026\u2026\u2026.. 40mg<br>\nGinseng\u2026\u2026\u2026\u2026. 20mg<\/p>\n<p>Ingesta Recomendada 1 Capsula cada 3 dias o cada vez que necesites potenciar tu Pasi\u00f3n.<\/p>\n<\/body>","protected":false},"excerpt":{"rendered":"<p>ESTIMILANTE FEMENINO \u2013 ORGASMOS SIN LIMITE Li Fem Caja x 8 c\u00e1psulas Con Li Fem la revoluci\u00f3n sexual femenina ha comenzado!! \u2013 Te Gustar\u00eda Activar y Revitalizar tu deseo Sexual? \u2013 Est\u00e1s dispuesta a incrementar tu Deseo y tu Satisfacci\u00f3n? \u2013 Sera este el momento que te decidas a Explotar&hellip; <\/p>\n","protected":false},"featured_media":2556,"comment_status":"open","ping_status":"closed","template":"","meta":{"om_disable_all_campaigns":false},"product_brand":[],"product_cat":[92],"product_tag":[],"class_list":{"0":"post-2555","1":"product","2":"type-product","3":"status-publish","4":"has-post-thumbnail","6":"product_cat-vigorizantes","8":"first","9":"instock","10":"shipping-taxable","11":"purchasable","12":"product-type-simple"},"jetpack_sharing_enabled":true,"_links":{"self":[{"href":"https:\/\/anysexshop.com.ar\/shop\/wp-json\/wp\/v2\/product\/2555","targetHints":{"allow":["GET"]}}],"collection":[{"href":"https:\/\/anysexshop.com.ar\/shop\/wp-json\/wp\/v2\/product"}],"about":[{"href":"https:\/\/anysexshop.com.ar\/shop\/wp-json\/wp\/v2\/types\/product"}],"replies":[{"embeddable":true,"href":"https:\/\/anysexshop.com.ar\/shop\/wp-json\/wp\/v2\/comments?post=2555"}],"wp:featuredmedia":[{"embeddable":true,"href":"https:\/\/anysexshop.com.ar\/shop\/wp-json\/wp\/v2\/media\/2556"}],"wp:attachment":[{"href":"https:\/\/anysexshop.com.ar\/shop\/wp-json\/wp\/v2\/media?parent=2555"}],"wp:term":[{"taxonomy":"product_brand","embeddable":true,"href":"https:\/\/anysexshop.com.ar\/shop\/wp-json\/wp\/v2\/product_brand?post=2555"},{"taxonomy":"product_cat","embeddable":true,"href":"https:\/\/anysexshop.com.ar\/shop\/wp-json\/wp\/v2\/product_cat?post=2555"},{"taxonomy":"product_tag","embeddable":true,"href":"https:\/\/anysexshop.com.ar\/shop\/wp-json\/wp\/v2\/product_tag?post=2555"}],"curies":[{"name":"wp","href":"https:\/\/api.w.org\/{rel}","templated":true}]}}