{"id":3872,"date":"2024-01-26T16:55:32","date_gmt":"2024-01-26T19:55:32","guid":{"rendered":"https:\/\/anysexshop.com.ar\/shop\/?post_type=product&#038;p=3872"},"modified":"2026-03-04T20:52:58","modified_gmt":"2026-03-04T23:52:58","slug":"bomba-robinete","status":"publish","type":"product","link":"https:\/\/anysexshop.com.ar\/shop\/product\/bomba-robinete\/","title":{"rendered":"BOMBA ROBINETE"},"content":{"rendered":"<body><div class=\"box\">\n<div class=\"precio\"><\/div>\n<\/div>\n<div class=\"descripcion-corta\">\n<p><strong>Bomba Robinete.<\/strong>\u00a0Bomba de erecci\u00f3n manual que te permite agrandar tu pene previo a la penetraci\u00f3n, logrando prolongar la erecci\u00f3n sin efectos secundarios.<\/p>\n<p>Disfruta de los beneficios de un pene grande, r\u00edgido y grueso, de forma inmediata, sin que tu pareja tenga que esperar para entregarse a la pasi\u00f3n.<\/p>\n<p>Modo de uso: Introduce tu pene en el cilindro, presiona el robinete para crear el vac\u00edo y sentir como tu pene se agranda en longitud y en grosor a medida que vas bombeando.<\/p>\n<p>La transparencia del cilindro te permite ver el agrandamiento del pene.<\/p>\n<p>Cu\u00e1ndo hayas alcanzado tu tama\u00f1o deseado puedes presionar el bot\u00f3n de liberaci\u00f3n, lo que aliviar\u00e1 al instante la presi\u00f3n, facilitando as\u00ed la extracci\u00f3n.<\/p>\n<p>Para su seguridad nuestros productos son libres de Ftalato.<\/p>\n<p>Medida: 19 cm x 5,5 \u00d8. Fuelle de Repuesto: Chico.<\/p>\n<p>Phthalate Free \/ Libre Ftalato.<\/p>\n<p>Industria Argentina.<\/p>\n<\/div>\n<\/body>","protected":false},"excerpt":{"rendered":"<p>Bomba Robinete.\u00a0Bomba de erecci\u00f3n manual que te permite agrandar tu pene previo a la penetraci\u00f3n, logrando prolongar la erecci\u00f3n sin efectos secundarios. Disfruta de los beneficios de un pene grande, r\u00edgido y grueso, de forma inmediata, sin que tu pareja tenga que esperar para entregarse a la pasi\u00f3n. Modo de&hellip; <\/p>\n","protected":false},"featured_media":3873,"comment_status":"open","ping_status":"closed","template":"","meta":{"om_disable_all_campaigns":false},"product_brand":[],"product_cat":[61],"product_tag":[],"class_list":{"0":"post-3872","1":"product","2":"type-product","3":"status-publish","4":"has-post-thumbnail","6":"product_cat-bombas-de-vacio","8":"first","9":"instock","10":"shipping-taxable","11":"purchasable","12":"product-type-simple"},"jetpack_sharing_enabled":true,"_links":{"self":[{"href":"https:\/\/anysexshop.com.ar\/shop\/wp-json\/wp\/v2\/product\/3872","targetHints":{"allow":["GET"]}}],"collection":[{"href":"https:\/\/anysexshop.com.ar\/shop\/wp-json\/wp\/v2\/product"}],"about":[{"href":"https:\/\/anysexshop.com.ar\/shop\/wp-json\/wp\/v2\/types\/product"}],"replies":[{"embeddable":true,"href":"https:\/\/anysexshop.com.ar\/shop\/wp-json\/wp\/v2\/comments?post=3872"}],"wp:featuredmedia":[{"embeddable":true,"href":"https:\/\/anysexshop.com.ar\/shop\/wp-json\/wp\/v2\/media\/3873"}],"wp:attachment":[{"href":"https:\/\/anysexshop.com.ar\/shop\/wp-json\/wp\/v2\/media?parent=3872"}],"wp:term":[{"taxonomy":"product_brand","embeddable":true,"href":"https:\/\/anysexshop.com.ar\/shop\/wp-json\/wp\/v2\/product_brand?post=3872"},{"taxonomy":"product_cat","embeddable":true,"href":"https:\/\/anysexshop.com.ar\/shop\/wp-json\/wp\/v2\/product_cat?post=3872"},{"taxonomy":"product_tag","embeddable":true,"href":"https:\/\/anysexshop.com.ar\/shop\/wp-json\/wp\/v2\/product_tag?post=3872"}],"curies":[{"name":"wp","href":"https:\/\/api.w.org\/{rel}","templated":true}]}}