{"id":3938,"date":"2024-03-19T14:03:03","date_gmt":"2024-03-19T17:03:03","guid":{"rendered":"https:\/\/anysexshop.com.ar\/shop\/?post_type=product&#038;p=3938"},"modified":"2026-01-31T16:14:38","modified_gmt":"2026-01-31T19:14:38","slug":"gel-con-sabor-a-chicle-ideal-para-sexo-oral-miss-v","status":"publish","type":"product","link":"https:\/\/anysexshop.com.ar\/shop\/product\/gel-con-sabor-a-chicle-ideal-para-sexo-oral-miss-v\/","title":{"rendered":"gel con sabor a chicle ideal para sexo oral miss v"},"content":{"rendered":"<body><p>Gel intimo Miss V sabor chicle, es un gel saborizado dise\u00f1ado para sexo oral masculino y femenino.<\/p>\n<p>Recomendado para el juego previo y nuevas experiencias.<\/p>\n<p>Dise\u00f1ado con el tradicional y delicioso sabor y aroma a chicle de tutti frutti.<\/p>\n<p>Sin ning\u00fan aditivo que altere ese sabor.<\/p>\n<p>No deja sabor ni patina amarga en el paladar.<\/p>\n<p>No duerme la lengua debido a su composici\u00f3n hidrosoluble.<\/p>\n<p>Puede usarse para sexo oral y como lubricante \u00edntimo.<\/p>\n<\/body>","protected":false},"excerpt":{"rendered":"<p>Gel intimo Miss V sabor chicle, es un gel saborizado dise\u00f1ado para sexo oral masculino y femenino. Recomendado para el juego previo y nuevas experiencias. Dise\u00f1ado con el tradicional y delicioso sabor y aroma a chicle de tutti frutti. Sin ning\u00fan aditivo que altere ese sabor. No deja sabor ni&hellip; <\/p>\n","protected":false},"featured_media":3939,"comment_status":"open","ping_status":"closed","template":"","meta":{"om_disable_all_campaigns":false},"product_brand":[],"product_cat":[54],"product_tag":[],"class_list":{"0":"post-3938","1":"product","2":"type-product","3":"status-publish","4":"has-post-thumbnail","6":"product_cat-geles-lubricantes-y-aceites","8":"first","9":"instock","10":"sale","11":"shipping-taxable","12":"purchasable","13":"product-type-simple"},"jetpack_sharing_enabled":true,"_links":{"self":[{"href":"https:\/\/anysexshop.com.ar\/shop\/wp-json\/wp\/v2\/product\/3938","targetHints":{"allow":["GET"]}}],"collection":[{"href":"https:\/\/anysexshop.com.ar\/shop\/wp-json\/wp\/v2\/product"}],"about":[{"href":"https:\/\/anysexshop.com.ar\/shop\/wp-json\/wp\/v2\/types\/product"}],"replies":[{"embeddable":true,"href":"https:\/\/anysexshop.com.ar\/shop\/wp-json\/wp\/v2\/comments?post=3938"}],"wp:featuredmedia":[{"embeddable":true,"href":"https:\/\/anysexshop.com.ar\/shop\/wp-json\/wp\/v2\/media\/3939"}],"wp:attachment":[{"href":"https:\/\/anysexshop.com.ar\/shop\/wp-json\/wp\/v2\/media?parent=3938"}],"wp:term":[{"taxonomy":"product_brand","embeddable":true,"href":"https:\/\/anysexshop.com.ar\/shop\/wp-json\/wp\/v2\/product_brand?post=3938"},{"taxonomy":"product_cat","embeddable":true,"href":"https:\/\/anysexshop.com.ar\/shop\/wp-json\/wp\/v2\/product_cat?post=3938"},{"taxonomy":"product_tag","embeddable":true,"href":"https:\/\/anysexshop.com.ar\/shop\/wp-json\/wp\/v2\/product_tag?post=3938"}],"curies":[{"name":"wp","href":"https:\/\/api.w.org\/{rel}","templated":true}]}}