{"id":5240,"date":"2024-09-16T14:13:29","date_gmt":"2024-09-16T17:13:29","guid":{"rendered":"https:\/\/anysexshop.com.ar\/shop\/?post_type=product&#038;p=5240"},"modified":"2026-01-12T18:11:12","modified_gmt":"2026-01-12T21:11:12","slug":"bolas-kegel-vaginales-pretty-love","status":"publish","type":"product","link":"https:\/\/anysexshop.com.ar\/shop\/product\/bolas-kegel-vaginales-pretty-love\/","title":{"rendered":"BOLAS KEGEL VAGINALES PRETTY LOVE"},"content":{"rendered":"<body><div>BOLAS KEGEL EJERCICIOS Y EXITACI\u00d3N AL MISMO TIEMPO.<\/div>\n<div><\/div>\n<div>Tonif\u00edcate mientras te excitas con las bolas d\u00fao definitivas.<\/div>\n<div><\/div>\n<div>Estas impresionantes bolas Kegel te proporcionar\u00e1n una sensaci\u00f3n incre\u00edble al penetrarte y har\u00e1n que tus m\u00fasculos de se contraigan, fortaleciendo tu suelo p\u00e9lvico y proporcion\u00e1ndote un entrenamiento que no olvidar\u00e1s.<\/div>\n<div><\/div>\n<div>Las asombrosas bolas d\u00fao son suaves para proporcionar sensaciones incre\u00edbles.<\/div>\n<div><\/div>\n<div>PESO:\u00a093gr.<\/div>\n<div><\/div>\n<div>MATERIAL:\u00a0Silicona y TPE<\/div>\n<div><\/div>\n<div>TAMA\u00d1O:4cm Circunferencia de cada bola y 17cm de largo total del producto.<\/div>\n<\/body>","protected":false},"excerpt":{"rendered":"<p>BOLAS KEGEL EJERCICIOS Y EXITACI\u00d3N AL MISMO TIEMPO. Tonif\u00edcate mientras te excitas con las bolas d\u00fao definitivas. Estas impresionantes bolas Kegel te proporcionar\u00e1n una sensaci\u00f3n incre\u00edble al penetrarte y har\u00e1n que tus m\u00fasculos de se contraigan, fortaleciendo tu suelo p\u00e9lvico y proporcion\u00e1ndote un entrenamiento que no olvidar\u00e1s. Las asombrosas bolas&hellip; <\/p>\n","protected":false},"featured_media":5241,"comment_status":"open","ping_status":"closed","template":"","meta":{"om_disable_all_campaigns":false},"product_brand":[],"product_cat":[60,15],"product_tag":[],"class_list":{"0":"post-5240","1":"product","2":"type-product","3":"status-publish","4":"has-post-thumbnail","6":"product_cat-balas-y-bolas-vaginales","7":"product_cat-combos","9":"first","10":"instock","11":"sale","12":"shipping-taxable","13":"purchasable","14":"product-type-simple"},"jetpack_sharing_enabled":true,"_links":{"self":[{"href":"https:\/\/anysexshop.com.ar\/shop\/wp-json\/wp\/v2\/product\/5240","targetHints":{"allow":["GET"]}}],"collection":[{"href":"https:\/\/anysexshop.com.ar\/shop\/wp-json\/wp\/v2\/product"}],"about":[{"href":"https:\/\/anysexshop.com.ar\/shop\/wp-json\/wp\/v2\/types\/product"}],"replies":[{"embeddable":true,"href":"https:\/\/anysexshop.com.ar\/shop\/wp-json\/wp\/v2\/comments?post=5240"}],"wp:featuredmedia":[{"embeddable":true,"href":"https:\/\/anysexshop.com.ar\/shop\/wp-json\/wp\/v2\/media\/5241"}],"wp:attachment":[{"href":"https:\/\/anysexshop.com.ar\/shop\/wp-json\/wp\/v2\/media?parent=5240"}],"wp:term":[{"taxonomy":"product_brand","embeddable":true,"href":"https:\/\/anysexshop.com.ar\/shop\/wp-json\/wp\/v2\/product_brand?post=5240"},{"taxonomy":"product_cat","embeddable":true,"href":"https:\/\/anysexshop.com.ar\/shop\/wp-json\/wp\/v2\/product_cat?post=5240"},{"taxonomy":"product_tag","embeddable":true,"href":"https:\/\/anysexshop.com.ar\/shop\/wp-json\/wp\/v2\/product_tag?post=5240"}],"curies":[{"name":"wp","href":"https:\/\/api.w.org\/{rel}","templated":true}]}}