{"id":5422,"date":"2024-09-16T18:39:47","date_gmt":"2024-09-16T21:39:47","guid":{"rendered":"https:\/\/anysexshop.com.ar\/shop\/?post_type=product&#038;p=5422"},"modified":"2026-03-02T21:54:57","modified_gmt":"2026-03-03T00:54:57","slug":"succionador-traveler-satisfyer-con-carga-usb","status":"publish","type":"product","link":"https:\/\/anysexshop.com.ar\/shop\/product\/succionador-traveler-satisfyer-con-carga-usb\/","title":{"rendered":"SUCCIONADOR TRAVELER SATISFYER CON CARGA USB"},"content":{"rendered":"<body><p>El manejable vibrador de ondas de presi\u00f3n permite vivir orgasmos m\u00faltiples mediante estimulaci\u00f3n sin contacto. 11 niveles cautivadores convierten a este vibrador de contacto externo en un hito que mima a tu perla de placer con ondas tiernas o fuertes, como t\u00fa quieras.<\/p>\n<p>El manejo intuitivo te permite subir y bajar de intensidad con comodidad para que vivas tu disfrute individual al m\u00e1ximo. El potente motor es especialmente silencioso, para que llegues al cl\u00edmax tambi\u00e9n cuando no est\u00e1s en casa sin llamar la atenci\u00f3n. \u00a1La estimulaci\u00f3n extraordinaria es especialmente excitante debajo del agua, por eso tambi\u00e9n puedes ir solo a la ba\u00f1era con el Traveler impermeable!<\/p>\n<ul>\n<li>Tap\u00f3n magn\u00e9tico<\/li>\n<li>11 programas de ondas de presi\u00f3n silenciosos<\/li>\n<li>Perfecto de viaje<\/li>\n<li>Impermeable e hipoalerg\u00e9nico<\/li>\n<li>Recargable, incl. cable USB de carga<\/li>\n<\/ul>\n<p>No importa a donde vayas de viaje Este espl\u00e9ndido dispositivo te acompa\u00f1a con orgasmos intensos de primera clase. Nueva York, Tokio o solo G\u00fctersloh, con la impresionante tecnolog\u00eda de ondas de presi\u00f3n lo percibir\u00e1s en cualquier lugar, sin tener que renunciar a volar alto mientras te relajas en profundidad. Prefieres jugar al placer en tus cuatro paredes? Eso no es un problema, el elegante amigo de las mujeres te llevar\u00e1 a un viaje sensual con orgasmos m\u00faltiples.<\/p>\n<p>El interior y el anillo suave que toca tu cl\u00edtoris son de silicona hipoalerg\u00e9nica y tienen una superficie lisa, muy deslizante. Con lubricante acuoso la sensaci\u00f3n es incluso mucho m\u00e1s intensa. Las pilas recargables integradas del Satisfyer Pro Traveler consiguen un juguete er\u00f3tico recargable de forma ecol\u00f3gica. Si quieres cargar tu juguete con cable, puedes completar el cable magn\u00e9tico USB. La silicona hipoalerg\u00e9nica es muy f\u00e1cil de cuidar. Puedes lavar tu juguete debajo de agua tibia usando un poco de jab\u00f3n<\/p>\n<\/body>","protected":false},"excerpt":{"rendered":"<p>El manejable vibrador de ondas de presi\u00f3n permite vivir orgasmos m\u00faltiples mediante estimulaci\u00f3n sin contacto. 11 niveles cautivadores convierten a este vibrador de contacto externo en un hito que mima a tu perla de placer con ondas tiernas o fuertes, como t\u00fa quieras. El manejo intuitivo te permite subir y&hellip; <\/p>\n","protected":false},"featured_media":5423,"comment_status":"open","ping_status":"closed","template":"","meta":{"om_disable_all_campaigns":false},"product_brand":[],"product_cat":[15,68,69],"product_tag":[],"class_list":{"0":"post-5422","1":"product","2":"type-product","3":"status-publish","4":"has-post-thumbnail","6":"product_cat-combos","7":"product_cat-succionadores-y-estimuladores-femeninos","8":"product_cat-vibradores","10":"first","11":"instock","12":"shipping-taxable","13":"purchasable","14":"product-type-simple"},"jetpack_sharing_enabled":true,"_links":{"self":[{"href":"https:\/\/anysexshop.com.ar\/shop\/wp-json\/wp\/v2\/product\/5422","targetHints":{"allow":["GET"]}}],"collection":[{"href":"https:\/\/anysexshop.com.ar\/shop\/wp-json\/wp\/v2\/product"}],"about":[{"href":"https:\/\/anysexshop.com.ar\/shop\/wp-json\/wp\/v2\/types\/product"}],"replies":[{"embeddable":true,"href":"https:\/\/anysexshop.com.ar\/shop\/wp-json\/wp\/v2\/comments?post=5422"}],"wp:featuredmedia":[{"embeddable":true,"href":"https:\/\/anysexshop.com.ar\/shop\/wp-json\/wp\/v2\/media\/5423"}],"wp:attachment":[{"href":"https:\/\/anysexshop.com.ar\/shop\/wp-json\/wp\/v2\/media?parent=5422"}],"wp:term":[{"taxonomy":"product_brand","embeddable":true,"href":"https:\/\/anysexshop.com.ar\/shop\/wp-json\/wp\/v2\/product_brand?post=5422"},{"taxonomy":"product_cat","embeddable":true,"href":"https:\/\/anysexshop.com.ar\/shop\/wp-json\/wp\/v2\/product_cat?post=5422"},{"taxonomy":"product_tag","embeddable":true,"href":"https:\/\/anysexshop.com.ar\/shop\/wp-json\/wp\/v2\/product_tag?post=5422"}],"curies":[{"name":"wp","href":"https:\/\/api.w.org\/{rel}","templated":true}]}}