{"id":5545,"date":"2024-10-18T18:49:55","date_gmt":"2024-10-18T21:49:55","guid":{"rendered":"https:\/\/anysexshop.com.ar\/shop\/?post_type=product&#038;p=5545"},"modified":"2026-03-04T20:38:52","modified_gmt":"2026-03-04T23:38:52","slug":"dilatador-anal-maxxl-13-monster-negro-solo-para-exigentes","status":"publish","type":"product","link":"https:\/\/anysexshop.com.ar\/shop\/product\/dilatador-anal-maxxl-13-monster-negro-solo-para-exigentes\/","title":{"rendered":"DILATADOR ANAL MAXXL 13 MONSTER NEGRO .SOLO PARA EXIGENTES"},"content":{"rendered":"<body><p><b>MAXXL 13 Monster Plug Negro.<\/b>\u00a0El Plug m\u00e1s grande del mundo! Su tama\u00f1o large es considerado dilatador anal s\u00f3lo para experimentados y amantes de los juegos sexuales extremos. Dise\u00f1ado para la penetraci\u00f3n anal, su forma c\u00f3nica permite una dilataci\u00f3n progresiva. Esta hecho de PVC con un acabado s\u00faper brillante, lo que permite deslizarse suavemente. Su base plana sirve como tope de seguridad para usarse sin temor de inserci\u00f3n total.<br>\nSu medida es de 25 cm de largo y 13 cm de di\u00e1metro en su parte m\u00e1s ancha. Encontra este producto tambi\u00e9n en color piel, y en otros tama\u00f1os, small y medium. Se recomienda el uso de lubricantes , ya que el ano no se lubrica por s\u00ed solo.<\/p>\n<blockquote><p>Medida: 25 cm x 13 \u00d8.<\/p><\/blockquote>\n<blockquote><p>Tama\u00f1o: Large.<\/p><\/blockquote>\n<blockquote><p>Phthalate Free\/ Libre de Ftalato.<b><\/b><\/p><\/blockquote>\n<blockquote><p>Industria Argentina.<\/p><\/blockquote>\n<\/body>","protected":false},"excerpt":{"rendered":"<p>MAXXL 13 Monster Plug Negro.\u00a0El Plug m\u00e1s grande del mundo! Su tama\u00f1o large es considerado dilatador anal s\u00f3lo para experimentados y amantes de los juegos sexuales extremos. Dise\u00f1ado para la penetraci\u00f3n anal, su forma c\u00f3nica permite una dilataci\u00f3n progresiva. Esta hecho de PVC con un acabado s\u00faper brillante, lo que&hellip; <\/p>\n","protected":false},"featured_media":5546,"comment_status":"open","ping_status":"closed","template":"","meta":{"om_disable_all_campaigns":false},"product_brand":[],"product_cat":[57],"product_tag":[],"class_list":{"0":"post-5545","1":"product","2":"type-product","3":"status-publish","4":"has-post-thumbnail","6":"product_cat-anales","8":"first","9":"instock","10":"shipping-taxable","11":"purchasable","12":"product-type-simple"},"jetpack_sharing_enabled":true,"_links":{"self":[{"href":"https:\/\/anysexshop.com.ar\/shop\/wp-json\/wp\/v2\/product\/5545","targetHints":{"allow":["GET"]}}],"collection":[{"href":"https:\/\/anysexshop.com.ar\/shop\/wp-json\/wp\/v2\/product"}],"about":[{"href":"https:\/\/anysexshop.com.ar\/shop\/wp-json\/wp\/v2\/types\/product"}],"replies":[{"embeddable":true,"href":"https:\/\/anysexshop.com.ar\/shop\/wp-json\/wp\/v2\/comments?post=5545"}],"wp:featuredmedia":[{"embeddable":true,"href":"https:\/\/anysexshop.com.ar\/shop\/wp-json\/wp\/v2\/media\/5546"}],"wp:attachment":[{"href":"https:\/\/anysexshop.com.ar\/shop\/wp-json\/wp\/v2\/media?parent=5545"}],"wp:term":[{"taxonomy":"product_brand","embeddable":true,"href":"https:\/\/anysexshop.com.ar\/shop\/wp-json\/wp\/v2\/product_brand?post=5545"},{"taxonomy":"product_cat","embeddable":true,"href":"https:\/\/anysexshop.com.ar\/shop\/wp-json\/wp\/v2\/product_cat?post=5545"},{"taxonomy":"product_tag","embeddable":true,"href":"https:\/\/anysexshop.com.ar\/shop\/wp-json\/wp\/v2\/product_tag?post=5545"}],"curies":[{"name":"wp","href":"https:\/\/api.w.org\/{rel}","templated":true}]}}