{"id":5912,"date":"2025-07-05T15:45:43","date_gmt":"2025-07-05T18:45:43","guid":{"rendered":"https:\/\/anysexshop.com.ar\/shop\/?post_type=product&#038;p=5912"},"modified":"2026-03-06T20:17:47","modified_gmt":"2026-03-06T23:17:47","slug":"gel-lubricante-intimo-wet-pleasure-para-ella-dandole-mas-satisfaccion-70-ml","status":"publish","type":"product","link":"https:\/\/anysexshop.com.ar\/shop\/product\/gel-lubricante-intimo-wet-pleasure-para-ella-dandole-mas-satisfaccion-70-ml\/","title":{"rendered":"gel lubricante intimo wet pleasure para ella dandole mas satisfaccion 70 ml"},"content":{"rendered":"<body><p>GEL LUBRICANTE INTIMO WET PLEASURE 70 ml \u2013 FLY NIGHT<\/p>\n<p>\u2013 Su formula con L-Arginina; un aminoacido natural que mejora y potencia la sensibilidad.<br>\n\u2013 Especialmente dise\u00f1ado para otorgar lubricaci\u00f3n y estimulaci\u00f3n en la mujer, intensificando sus sensaciones.<br>\n\u2013 Posee aroma afrodisiaco a rosas y genera una suave sensaci\u00f3n de calor en la zona aplicada.<br>\n\u2013 Hidrosoluble, compatible con el uso de preservativos y f\u00e1cil de limpiar.<br>\n\u2013 Aprobado por ANMAT<\/p>\n<p>Modo de uso:<br>\nAplicar de modo uniforme y suave en la zona genital hasta que esta quede completamente lubricada<\/p>\n<p>Presentaci\u00f3n:<br>\nEnvase por 70 ml.<\/p>\n<\/body>","protected":false},"excerpt":{"rendered":"<p>GEL LUBRICANTE INTIMO WET PLEASURE 70 ml \u2013 FLY NIGHT \u2013 Su formula con L-Arginina; un aminoacido natural que mejora y potencia la sensibilidad. \u2013 Especialmente dise\u00f1ado para otorgar lubricaci\u00f3n y estimulaci\u00f3n en la mujer, intensificando sus sensaciones. \u2013 Posee aroma afrodisiaco a rosas y genera una suave sensaci\u00f3n de&hellip; <\/p>\n","protected":false},"featured_media":5913,"comment_status":"open","ping_status":"closed","template":"","meta":{"om_disable_all_campaigns":false},"product_brand":[],"product_cat":[54],"product_tag":[],"class_list":{"0":"post-5912","1":"product","2":"type-product","3":"status-publish","4":"has-post-thumbnail","6":"product_cat-geles-lubricantes-y-aceites","8":"first","9":"instock","10":"shipping-taxable","11":"purchasable","12":"product-type-simple"},"jetpack_sharing_enabled":true,"_links":{"self":[{"href":"https:\/\/anysexshop.com.ar\/shop\/wp-json\/wp\/v2\/product\/5912","targetHints":{"allow":["GET"]}}],"collection":[{"href":"https:\/\/anysexshop.com.ar\/shop\/wp-json\/wp\/v2\/product"}],"about":[{"href":"https:\/\/anysexshop.com.ar\/shop\/wp-json\/wp\/v2\/types\/product"}],"replies":[{"embeddable":true,"href":"https:\/\/anysexshop.com.ar\/shop\/wp-json\/wp\/v2\/comments?post=5912"}],"wp:featuredmedia":[{"embeddable":true,"href":"https:\/\/anysexshop.com.ar\/shop\/wp-json\/wp\/v2\/media\/5913"}],"wp:attachment":[{"href":"https:\/\/anysexshop.com.ar\/shop\/wp-json\/wp\/v2\/media?parent=5912"}],"wp:term":[{"taxonomy":"product_brand","embeddable":true,"href":"https:\/\/anysexshop.com.ar\/shop\/wp-json\/wp\/v2\/product_brand?post=5912"},{"taxonomy":"product_cat","embeddable":true,"href":"https:\/\/anysexshop.com.ar\/shop\/wp-json\/wp\/v2\/product_cat?post=5912"},{"taxonomy":"product_tag","embeddable":true,"href":"https:\/\/anysexshop.com.ar\/shop\/wp-json\/wp\/v2\/product_tag?post=5912"}],"curies":[{"name":"wp","href":"https:\/\/api.w.org\/{rel}","templated":true}]}}