{"id":6484,"date":"2025-12-22T18:09:36","date_gmt":"2025-12-22T21:09:36","guid":{"rendered":"https:\/\/anysexshop.com.ar\/shop\/?post_type=product&#038;p=6484"},"modified":"2026-03-04T20:35:03","modified_gmt":"2026-03-04T23:35:03","slug":"bala-vibradora-de-silicona-carga-usb","status":"publish","type":"product","link":"https:\/\/anysexshop.com.ar\/shop\/product\/bala-vibradora-de-silicona-carga-usb\/","title":{"rendered":"bala vibradora de silicona carga usb"},"content":{"rendered":"<body><p>Balitas de vibraci\u00f3n intensa y suave al tacto. Un solo bot\u00f3n lo vas apretando y te quedas en la que m\u00e1s te guste. C\u00f3modo y muy suave. Su vibraci\u00f3n es muy intensa. Ideal para llevarlo con vos. Si no ten\u00e9s un juguete! Empez\u00e1 por este!. F\u00e1cil de transportar, ll\u00e9valo siempre con vos. Caracter\u00edsticas \u2022 Mant\u00e9n pulsado para encender 5 seg. \u2022 Libre de Phalatos. \u2022 Bater\u00eda de litio, recargable. \u2022 Mantener presionado durante 3 segundos para apagar. Impermeable. \u2022 USB recargable. (Cable USB incluido). \u2022 Di\u00e1metro: 2,01 cm: 7,67 cm. \u2022 Impermeable. No sumergible. \u2022 Utilizar lubricante a base de agua. Modo de carga: El proceso de recarga funciona a trav\u00e9s de un cargador USB incluido que utiliza la tecnolog\u00eda carga r\u00e1pida en menos de 2 horas. Mientras la luz titila, significa que la recarga se est\u00e1 realizando, una vez que deja de titilar, desenchufar. Pegado al bot\u00f3n del power hay 1 punto donde debe insertarse el conector para su respectiva carga. Importante no cargar m\u00e1s de 3 horas. Higienizar con agua tibia y jab\u00f3n antibacteriano para Toys o neutro. Importante no cargar m\u00e1s de 3 horas<\/p>\n<\/body>","protected":false},"excerpt":{"rendered":"<p>Balitas de vibraci\u00f3n intensa y suave al tacto. Un solo bot\u00f3n lo vas apretando y te quedas en la que m\u00e1s te guste. C\u00f3modo y muy suave. Su vibraci\u00f3n es muy intensa. Ideal para llevarlo con vos. Si no ten\u00e9s un juguete! Empez\u00e1 por este!. F\u00e1cil de transportar, ll\u00e9valo siempre&hellip; <\/p>\n","protected":false},"featured_media":6485,"comment_status":"open","ping_status":"closed","template":"","meta":{"om_disable_all_campaigns":false},"product_brand":[],"product_cat":[60,68],"product_tag":[],"class_list":{"0":"post-6484","1":"product","2":"type-product","3":"status-publish","4":"has-post-thumbnail","6":"product_cat-balas-y-bolas-vaginales","7":"product_cat-succionadores-y-estimuladores-femeninos","9":"first","10":"instock","11":"shipping-taxable","12":"purchasable","13":"product-type-simple"},"jetpack_sharing_enabled":true,"_links":{"self":[{"href":"https:\/\/anysexshop.com.ar\/shop\/wp-json\/wp\/v2\/product\/6484","targetHints":{"allow":["GET"]}}],"collection":[{"href":"https:\/\/anysexshop.com.ar\/shop\/wp-json\/wp\/v2\/product"}],"about":[{"href":"https:\/\/anysexshop.com.ar\/shop\/wp-json\/wp\/v2\/types\/product"}],"replies":[{"embeddable":true,"href":"https:\/\/anysexshop.com.ar\/shop\/wp-json\/wp\/v2\/comments?post=6484"}],"wp:featuredmedia":[{"embeddable":true,"href":"https:\/\/anysexshop.com.ar\/shop\/wp-json\/wp\/v2\/media\/6485"}],"wp:attachment":[{"href":"https:\/\/anysexshop.com.ar\/shop\/wp-json\/wp\/v2\/media?parent=6484"}],"wp:term":[{"taxonomy":"product_brand","embeddable":true,"href":"https:\/\/anysexshop.com.ar\/shop\/wp-json\/wp\/v2\/product_brand?post=6484"},{"taxonomy":"product_cat","embeddable":true,"href":"https:\/\/anysexshop.com.ar\/shop\/wp-json\/wp\/v2\/product_cat?post=6484"},{"taxonomy":"product_tag","embeddable":true,"href":"https:\/\/anysexshop.com.ar\/shop\/wp-json\/wp\/v2\/product_tag?post=6484"}],"curies":[{"name":"wp","href":"https:\/\/api.w.org\/{rel}","templated":true}]}}